2*z = 4*t - 26. Is z a composite number?
False
Suppose -3*n = -6*n. Let t(w) = -w + 123. Is t(n) a composite number?
True
Let b = -1956 - -2923. Is b a prime number?
True
Let t be 70/21*372/5. Suppose -2*c - 3*j + 253 = 0, c + 2*j - t = -c. Is c composite?
True
Let a(u) = 9*u**2 + 3*u + 3 - 6 + 0*u**2. Let j be a(-3). Is (-2 - -2) + j - -2 prime?
True
Let z(a) = -5*a**3 - 3*a**2 + 4*a**3 + a + 3 - 2*a**2. Is z(-6) prime?
False
Suppose 0 = -a + 5, 0 = 5*r - 2*a - 35. Suppose -n - r + 3 = 0. Is (n/(-12))/((-1)/(-38)) composite?
False
Let u = 144 - 58. Suppose u = -v + 26. Let s = -25 - v. Is s a composite number?
True
Suppose -2*v = v - 3*a + 2235, 1478 = -2*v - 2*a. Is (-2)/3 + v/(-6) prime?
False
Let j = 239 - 86. Suppose 5*q - 57 - j = 0. Let v = 77 - q. Is v composite?
True
Suppose 113 + 365 = 3*z - 4*d, -3*z - d + 458 = 0. Suppose 0 = 7*c - 1267 - z. Is c composite?
True
Suppose -a + 1950 = 6*t - 2*t, t - 485 = a. Is t prime?
True
Suppose -3*u + 3*c + 205 + 1973 = 0, 3*c - 1427 = -2*u. Is u composite?
True
Let a(x) = 9*x**2 - x - 2. Let l be a(-7). Suppose -3*s + 3*f + 160 = -s, 5*s - l = -4*f. Suppose 0 = 4*k + 4*j - 88, 0 = 4*k + k - 3*j - s. Is k composite?
False
Let p be -8 - (0 + 0 + 2). Let o = 14 + p. Suppose 2*v = o*v - 22. Is v prime?
True
Let y(n) = -n**2 + 13*n - 7. Let j be y(7). Suppose -j = l - 6*l. Let b = l - -2. Is b prime?
False
Let r(g) = -g - 7. Let t be r(-7). Let a = 110 + -33. Suppose -3*c = t, -2*h + a = -h - 2*c. Is h a composite number?
True
Let l(t) = 0*t**2 - 146*t**3 + 0 + 1 - 2*t**2. Is l(-1) prime?
False
Let l = 90 - 53. Is l a prime number?
True
Let y(g) = -4*g - 4. Let m be y(-5). Let r = m + -9. Is 40/r - 4/(-14) a prime number?
False
Is ((-3991)/(-65))/(1/15) composite?
True
Let w(u) = 294*u**2 - u. Is w(1) composite?
False
Let d(t) be the second derivative of t**5/8 + t**4/12 + t**3/3 + t. Let c(m) be the second derivative of d(m). Is c(5) composite?
True
Let z = 1024 + 1783. Is z a prime number?
False
Let t(o) = -o**3 - 7*o**2 - 9*o + 19. Is t(-9) composite?
True
Let h(b) = -16*b**3 + 4*b**2 + 2*b - 1. Is h(-2) a composite number?
False
Suppose 0 = -4*h, 3*g + 3*h = 7*h + 177. Is g composite?
False
Suppose 2*c + 3*p - 8387 = 0, 7*c + 5*p = 2*c + 20970. Is c a composite number?
True
Suppose 363 = 4*q - 121. Suppose 363 = 3*k - 4*l, -3*l + 0*l = -k + q. Is k a composite number?
True
Let c(i) be the second derivative of -i**3/6 + 13*i**2/2 + 2*i. Let s be c(6). Suppose -3*t - 332 = -s*t. Is t a composite number?
False
Let a(b) = b**3 - 2*b**2 - 4*b - 6. Is a(5) a composite number?
True
Let a = 20 - 0. Let x = a - -3. Is x prime?
True
Let t(p) = -12*p**2 - 3*p + 2. Let v(d) = 0 - 1 - 11*d**2 + 2 - 3*d. Let x(y) = 3*t(y) - 4*v(y). Is x(-3) prime?
False
Is 1439/3 - (3 + 56/(-24)) a prime number?
True
Suppose n - 893 = 2*u - 0*u, -5*u = -4*n + 3581. Is n composite?
True
Suppose 2*g = -5*t + 203, -460 + 69 = -4*g - 5*t. Suppose 0 = 4*l - 2*l - g. Is l prime?
True
Let k = -2 - 5. Let x(i) = i**3 + 7*i**2 - i - 7. Let j be x(k). Suppose -2*z - g + 55 = 0, j*z + 2*z + 4*g = 70. Is z composite?
True
Let h(j) = j**3 + 7*j**2 - 11*j - 11. Let m = 14 - 8. Let a be (3/2)/(m/(-32)). Is h(a) a prime number?
True
Let b(d) = -d**2 + 3*d**2 + 3 + d**3 - 16*d**2. Is b(14) prime?
True
Is 23*1*11/11 a composite number?
False
Suppose -7 = -4*z + 97. Is z a prime number?
False
Suppose 2*n + n = 4*p - 12, -n - 3*p - 4 = 0. Let w be 6/n + (-150)/4. Let a = 8 - w. Is a a composite number?
False
Let o = 879 - -1480. Is o prime?
False
Suppose -2*o + 3925 = 5*d, 4*d - d - 2355 = -2*o. Is d prime?
False
Let o be 2743/9 - 2/(-9). Suppose -5*k - 2*q + o = 2*q, 2*q = 3*k - 161. Is k a prime number?
False
Let s be 7/(14/(-12)) - -1. Let t(f) = -f**3. Let o(j) = -6*j**3 - 8*j**2 + 8*j + 7. Let l(x) = s*t(x) + o(x). Is l(-10) a composite number?
False
Let z = 10 + -22. Let v be z/(-2) - (-2 - -5). Suppose -5*o - 665 = -v*n - 36, n - 199 = -o. Is n composite?
True
Suppose -5*z - 7 + 27 = 0. Suppose p + 2*r - 9 = 2, z*p = -3*r + 24. Suppose -p*c - 23 = -2*n, 2*n = -n - c + 40. Is n a composite number?
False
Suppose 273 = 2*s - 151. Suppose -w + 286 = 5*t, 0 = -5*t + t - 5*w + s. Is t composite?
True
Is ((-15890)/5)/(5 + -7) a prime number?
False
Let d = 3 - -40. Let k = d + -28. Is k a prime number?
False
Suppose -4 + 1 = -d. Suppose a - d = 1, 2*a = -p + 8. Let v = p - -15. Is v composite?
True
Suppose 5*a - 3*z = a + 15950, z = a - 3987. Is a a prime number?
True
Let a(k) = -k - 5. Let u be a(-7). Suppose -67 = -u*q + 49. Is q a prime number?
False
Let d(l) = -13*l + 21. Let h(x) = -6*x + 11. Let y(j) = -6*d(j) + 11*h(j). Let a be y(5). Suppose -3*i - i - 16 = 0, 5*o - 5*i - a = 0. Is o a prime number?
True
Is 51*-1*10/(-6) composite?
True
Is (3 + 1700/(-5))/(-1) prime?
True
Is (-4)/7 - 10628/(-28) composite?
False
Suppose -5*s = -3*k - 91 - 153, 0 = -k - 3. Is s composite?
False
Is (2786/(-42))/((-1)/3) prime?
True
Let d = 1036 - 499. Is d a prime number?
False
Let j(s) = -s**3 + 6*s**2 + 8*s - 7. Let a be j(7). Suppose -5*k + 20 = a, 0 = -2*q - 4*k + 76 + 134. Is q composite?
False
Let h be ((-10)/(-4))/(30/24). Suppose -155 = -h*a - 3*a. Is a a prime number?
True
Let c = 8 - 3. Suppose 0 = c*y - 5*s - 725, 2*y + 5*s - 290 = 4*s. Is y composite?
True
Let m(r) = r**3 + 26*r**2 + 29*r + 29. Is m(-24) a prime number?
False
Suppose 2168 = 3*l + 653. Is l a prime number?
False
Let h be (-10 + 2)*45/10. Let j = 17 - h. Is j prime?
True
Suppose 5*f + 5*a - 1455 = 0, f + f + 5*a = 576. Is f composite?
False
Suppose z - 14 = -z + 2*q, -2*z + 24 = 3*q. Let c be ((-6)/z)/(3/(-18)). Suppose -20 = c*h - 80. Is h a prime number?
False
Suppose -25 = 4*t - 157. Let m = t - -60. Is m a prime number?
False
Suppose 4 = -f + 2*f - k, -4*f - 5*k - 11 = 0. Let o be 38 - f/(1/3). Suppose 4*g = 3*g + o. Is g composite?
True
Let r be (-10)/15*(-42)/4. Suppose 3*n - 136 = -r. Is n a prime number?
True
Let j(t) = t**2 - 3*t**2 + 0*t**2 - 1 - t. Let y be j(2). Is (-42)/(-3)*y/(-2) prime?
False
Let j(p) = -2*p**2 - 7*p - 12. Let t be j(-8). Let c = t + 57. Let i = 73 + c. Is i a prime number?
False
Let t(d) = -95*d - 22. Is t(-13) a prime number?
True
Let r(o) = 2*o**2 + 2*o + 8. Let c(w) = -w**2 + w - 1. Let d(a) = -3*c(a) - r(a). Let i(m) = -m**3 + 6*m**2 + 9*m - 5. Let t be i(7). Is d(t) a prime number?
True
Let b be -2*(2 + 5/(-2)). Is b*(-3)/((-6)/226) composite?
False
Let p = -87 + 922. Is p a prime number?
False
Suppose -5 = 5*w, -3*q + 2852 = 2*q + 3*w. Is q a prime number?
True
Let x = 709 + -407. Is x prime?
False
Let l(p) be the third derivative of -17*p**4/12 + p**3/6 + 2*p**2. Is l(-2) a composite number?
True
Suppose f = -f + 60. Suppose 59 = 5*x - t, 0 = 2*x - 0*t + t - 18. Let z = f - x. Is z a prime number?
True
Suppose -46 = 5*r - j - 7, 3*j = -r - 11. Is (-2)/r - (-23450)/56 a composite number?
False
Suppose 0 = 5*k - 4*x - 1217, x = 5*k + 2*x - 1227. Suppose 5*g - k = -60. Is g composite?
False
Let d(k) = 4*k**2 - 13*k + 16. Is d(9) composite?
False
Let b = 317 - 66. Is b composite?
False
Let p be (3 + (-14)/2)*-1. Suppose -349 + 41 = -p*z. Is z composite?
True
Let r(u) = 7*u**2 - u - 1. Is r(7) a prime number?
False
Let z = -3351 - -5638. Is z prime?
True
Let c be (-17)/(-5) - 3/(-5). Suppose r + 63 = c*r. Is r prime?
False
Let q(i) = 1028*i**2 + i - 2. Is q(1) composite?
True
Let t = -15 + 11. Is -10*(14/t - -1) a prime number?
False
Let y = 6029 + -4215. Is (-6 + 2)*y/(-8) a prime number?
True
Is 1213 - (-11)/((-55)/10) a composite number?
True
Let r(c) = 4*c**2 - 6*c + 1. Is r(-3) prime?
False
Let h(c) = 26*c + 7. Let l be h(7). Suppose 3*a + 2*t = l - 36, -5*t - 174 = -3*a. Is a a prime number?
True
Let z be (1 + -2 - -2)*-70. Let d = 14 - 49. Let m = d - z. Is m prime?
False
Let h be ((-175)/3)/(1/(-6)). Suppose -5*r + 25 = h. Let c = -34 - r. Is c composite?
False
Suppose 0 = 5*d + 5*c + 765, 2*d + c = -295 - 16. Let r = d - -261. Is r a prime number?
True
Let m = -473 + 1704. Is m prime?
True
Suppose p + n - 36 = 0, 2*n + n + 77 = 2*p. Is p a composite number?
False
Let w(v) = v**3 - 11*v**2 - 12. Is w(13) prime?
False
Let p be (3/(-2))/((-9)/12). Let c(z) = -144*z + 4. Let w(i) = -48*i + 1. Let t(s) = 2*c(s) - 7*w(s). Is t(p) composite